{"id":1617,"date":"2022-03-30T12:42:12","date_gmt":"2022-03-30T10:42:12","guid":{"rendered":"http:\/\/rootszoekers.nl\/Roots\/?page_id=1617"},"modified":"2022-03-30T12:43:01","modified_gmt":"2022-03-30T10:43:01","slug":"broer-zus","status":"publish","type":"page","link":"https:\/\/rootszoekers.nl\/Roots\/putschogl-koppl\/broer-zus\/","title":{"rendered":"kinderen van&#8230;&#8230;"},"content":{"rendered":"<p>Kinderen van Johann (Nepomuk) Putsch\u00f6gel &#038; Katharina K\u00f6ppl<br \/>\n<figure id=\"attachment_1615\" aria-describedby=\"caption-attachment-1615\" style=\"width: 513px\" class=\"wp-caption alignnone\"><img decoding=\"async\" loading=\"lazy\" class=\"wp-image-1615\" src=\"http:\/\/rootszoekers.nl\/Roots\/wp-content\/uploads\/2022\/03\/wagner-roots_0046-kopie-2-662x1024.jpg\" alt=\"Broer &amp; Zus.\" width=\"513\" height=\"793\" \/><figcaption id=\"caption-attachment-1615\" class=\"wp-caption-text\">\u00a0 \u00a0 \u00a0 \u00a0 \u00a0 \u00a0 \u00a0 \u00a0 \u00a0 \u00a0 \u00a0 \u00a0 \u00a0Leopold K\u00f6ppl &amp; Schwester Maria C\u00e4cilia Putsch\u00f6gel<\/figcaption><\/figure><\/p>\n","protected":false},"excerpt":{"rendered":"<p>Kinderen van Johann (Nepomuk) Putsch\u00f6gel &#038; Katharina K\u00f6ppl<\/p>\n","protected":false},"author":1,"featured_media":181,"parent":679,"menu_order":0,"comment_status":"closed","ping_status":"closed","template":"","meta":[],"_links":{"self":[{"href":"https:\/\/rootszoekers.nl\/Roots\/wp-json\/wp\/v2\/pages\/1617"}],"collection":[{"href":"https:\/\/rootszoekers.nl\/Roots\/wp-json\/wp\/v2\/pages"}],"about":[{"href":"https:\/\/rootszoekers.nl\/Roots\/wp-json\/wp\/v2\/types\/page"}],"author":[{"embeddable":true,"href":"https:\/\/rootszoekers.nl\/Roots\/wp-json\/wp\/v2\/users\/1"}],"replies":[{"embeddable":true,"href":"https:\/\/rootszoekers.nl\/Roots\/wp-json\/wp\/v2\/comments?post=1617"}],"version-history":[{"count":2,"href":"https:\/\/rootszoekers.nl\/Roots\/wp-json\/wp\/v2\/pages\/1617\/revisions"}],"predecessor-version":[{"id":1620,"href":"https:\/\/rootszoekers.nl\/Roots\/wp-json\/wp\/v2\/pages\/1617\/revisions\/1620"}],"up":[{"embeddable":true,"href":"https:\/\/rootszoekers.nl\/Roots\/wp-json\/wp\/v2\/pages\/679"}],"wp:featuredmedia":[{"embeddable":true,"href":"https:\/\/rootszoekers.nl\/Roots\/wp-json\/wp\/v2\/media\/181"}],"wp:attachment":[{"href":"https:\/\/rootszoekers.nl\/Roots\/wp-json\/wp\/v2\/media?parent=1617"}],"curies":[{"name":"wp","href":"https:\/\/api.w.org\/{rel}","templated":true}]}}