{"id":1735,"date":"2022-05-28T10:57:46","date_gmt":"2022-05-28T08:57:46","guid":{"rendered":"http:\/\/rootszoekers.nl\/Roots\/?page_id=1735"},"modified":"2022-06-11T23:45:33","modified_gmt":"2022-06-11T21:45:33","slug":"donateur","status":"publish","type":"page","link":"https:\/\/rootszoekers.nl\/Roots\/wagner-putschogl-roots\/donateur\/","title":{"rendered":"Post"},"content":{"rendered":"<p>&nbsp;<\/p>\n<p><img decoding=\"async\" loading=\"lazy\" class=\"wp-image-1739 alignleft\" src=\"http:\/\/rootszoekers.nl\/Roots\/wp-content\/uploads\/2022\/05\/groep-wereld.2017-04-20-om-10.29.08-300x294.png\" alt=\"\" width=\"289\" height=\"283\" srcset=\"https:\/\/rootszoekers.nl\/Roots\/wp-content\/uploads\/2022\/05\/groep-wereld.2017-04-20-om-10.29.08-300x294.png 300w, https:\/\/rootszoekers.nl\/Roots\/wp-content\/uploads\/2022\/05\/groep-wereld.2017-04-20-om-10.29.08.png 331w\" sizes=\"(max-width: 289px) 100vw, 289px\" \/><\/p>\n<div>Den Name Putsch\u00f6gel gab es in den Ortschaften der Pfarrei Umlowitz sehr oft. Der alte Friedhof um die wurde aufgegeben und nach oben an den Waldrand verlagt. Auf dem Kirchplatz sind nur 3 Putsch\u00f6gl beerdigt, die in Gro\u00df und Klein Umlowitz gelebt haben. Die meisten Putsch\u00f6gl gab es im Ort Kuttau und auf dem Putsch\u00f6glhof. Meine Linie kam von der Ortschaft Wratzau.<\/div>\n<div>4) Die Ruine um die Kirche war das Schlo\u00df Umlowitz. Es war sehr alt. Die Gegend geh\u00f6rte fr\u00fcher zur Herrschaft Poreschin (Ruine bei Kaplitz, 13. Jahrhundert). Der Verwalter (burgrabi) wurde mit Land bezahlt und baute sich das Schloss. sp\u00e4ter kam das Gut Umlowitz an einen \u00f6sterreichischen Grafen (Graf N\u00fctz). Sein Wappen steht auch \u00fcber der Kirche. Schlie\u00dflich kaufte das Kloster Hohenfurth (Vyssy Brod) das Schlo\u00df und die Besitzungen. 1918 wurde es verstaatlicht und einen tschechoslowakischen General gegeben (Benesch).Nach dem Krieg verfiel es. Es geh\u00f6rt als Konkursmasse einer Bank. Neben dem Schlo\u00df stand fr\u00fcher noch eine Schule, von der nichts ,mehr zu sehen ist. <span style=\"color: #0000ff;\">(Post + foto von Gerald Warmuth. mei 2022)<\/span><\/div>\n<figure id=\"attachment_1736\" aria-describedby=\"caption-attachment-1736\" style=\"width: 711px\" class=\"wp-caption alignnone\"><img decoding=\"async\" loading=\"lazy\" class=\"wp-image-1736\" src=\"http:\/\/rootszoekers.nl\/Roots\/wp-content\/uploads\/2022\/05\/1.kerkschool.umlowitz.jpg\" alt=\"\" width=\"711\" height=\"479\" srcset=\"https:\/\/rootszoekers.nl\/Roots\/wp-content\/uploads\/2022\/05\/1.kerkschool.umlowitz.jpg 899w, https:\/\/rootszoekers.nl\/Roots\/wp-content\/uploads\/2022\/05\/1.kerkschool.umlowitz-300x202.jpg 300w, https:\/\/rootszoekers.nl\/Roots\/wp-content\/uploads\/2022\/05\/1.kerkschool.umlowitz-768x518.jpg 768w, https:\/\/rootszoekers.nl\/Roots\/wp-content\/uploads\/2022\/05\/1.kerkschool.umlowitz-520x351.jpg 520w, https:\/\/rootszoekers.nl\/Roots\/wp-content\/uploads\/2022\/05\/1.kerkschool.umlowitz-740x499.jpg 740w\" sizes=\"(max-width: 711px) 100vw, 711px\" \/><figcaption id=\"caption-attachment-1736\" class=\"wp-caption-text\">Kirche &amp; Schule<\/figcaption><\/figure>\n<p>&nbsp;<\/p>\n<p><img decoding=\"async\" loading=\"lazy\" class=\"alignright wp-image-1737\" src=\"http:\/\/rootszoekers.nl\/Roots\/wp-content\/uploads\/2022\/05\/1.Kerk_.umlowitz.jpg\" alt=\"\" width=\"718\" height=\"539\" srcset=\"https:\/\/rootszoekers.nl\/Roots\/wp-content\/uploads\/2022\/05\/1.Kerk_.umlowitz.jpg 800w, https:\/\/rootszoekers.nl\/Roots\/wp-content\/uploads\/2022\/05\/1.Kerk_.umlowitz-300x225.jpg 300w, https:\/\/rootszoekers.nl\/Roots\/wp-content\/uploads\/2022\/05\/1.Kerk_.umlowitz-768x576.jpg 768w, https:\/\/rootszoekers.nl\/Roots\/wp-content\/uploads\/2022\/05\/1.Kerk_.umlowitz-520x390.jpg 520w, https:\/\/rootszoekers.nl\/Roots\/wp-content\/uploads\/2022\/05\/1.Kerk_.umlowitz-740x555.jpg 740w\" sizes=\"(max-width: 718px) 100vw, 718px\" \/><\/p>\n<p>&nbsp;<\/p>\n<p><a href=\"http:\/\/rootszoekers.nl\/Roots\/index-abc\/umlowitz-2022\/umlowitz-april-2022\/\"><img decoding=\"async\" loading=\"lazy\" class=\"alignright wp-image-331 size-full\" src=\"http:\/\/rootszoekers.nl\/Roots\/wp-content\/uploads\/2020\/10\/Vervolg.png\" alt=\"\" width=\"200\" height=\"94\" \/><\/a><\/p>\n<figure id=\"attachment_1751\" aria-describedby=\"caption-attachment-1751\" style=\"width: 137px\" class=\"wp-caption alignnone\"><a href=\"https:\/\/nl.findagrave.com\/cemetery\/2754943\"><img decoding=\"async\" loading=\"lazy\" class=\"wp-image-1751\" src=\"http:\/\/rootszoekers.nl\/Roots\/wp-content\/uploads\/2022\/06\/1200x630wa-300x300.png\" alt=\"\" width=\"137\" height=\"137\" \/><\/a><figcaption id=\"caption-attachment-1751\" class=\"wp-caption-text\">Umlowitz \/ Omlenice<\/figcaption><\/figure>\n","protected":false},"excerpt":{"rendered":"<p>&nbsp; Den Name Putsch\u00f6gel gab es in den Ortschaften der Pfarrei Umlowitz sehr oft. Der alte Friedhof um die wurde<\/p>\n","protected":false},"author":1,"featured_media":1738,"parent":113,"menu_order":0,"comment_status":"closed","ping_status":"closed","template":"","meta":[],"_links":{"self":[{"href":"https:\/\/rootszoekers.nl\/Roots\/wp-json\/wp\/v2\/pages\/1735"}],"collection":[{"href":"https:\/\/rootszoekers.nl\/Roots\/wp-json\/wp\/v2\/pages"}],"about":[{"href":"https:\/\/rootszoekers.nl\/Roots\/wp-json\/wp\/v2\/types\/page"}],"author":[{"embeddable":true,"href":"https:\/\/rootszoekers.nl\/Roots\/wp-json\/wp\/v2\/users\/1"}],"replies":[{"embeddable":true,"href":"https:\/\/rootszoekers.nl\/Roots\/wp-json\/wp\/v2\/comments?post=1735"}],"version-history":[{"count":8,"href":"https:\/\/rootszoekers.nl\/Roots\/wp-json\/wp\/v2\/pages\/1735\/revisions"}],"predecessor-version":[{"id":1753,"href":"https:\/\/rootszoekers.nl\/Roots\/wp-json\/wp\/v2\/pages\/1735\/revisions\/1753"}],"up":[{"embeddable":true,"href":"https:\/\/rootszoekers.nl\/Roots\/wp-json\/wp\/v2\/pages\/113"}],"wp:featuredmedia":[{"embeddable":true,"href":"https:\/\/rootszoekers.nl\/Roots\/wp-json\/wp\/v2\/media\/1738"}],"wp:attachment":[{"href":"https:\/\/rootszoekers.nl\/Roots\/wp-json\/wp\/v2\/media?parent=1735"}],"curies":[{"name":"wp","href":"https:\/\/api.w.org\/{rel}","templated":true}]}}